 + f. Is y prime?
False
Suppose 3*m - 67101 = 24*a - 26*a, -89473 = -4*m - a. Is m prime?
True
Is (0 - (-898)/6)/((-10)/(-330)) composite?
True
Let a(i) = -i**3 - 3*i**2 - 2. Let s(y) = -y**3 - 2*y**2 + y - 3. Let u(o) = -3*a(o) + 4*s(o). Let p be u(-8). Let d = p - 361. Is d prime?
False
Let x(n) = -n**2 - 4*n - 1. Let s be x(-1). Suppose -s*q + 6*t = t - 391, 5*q = -4*t + 1027. Is q prime?
False
Let v(r) = r**3 + r**2 - 11*r - 4. Let x be v(8). Suppose a = 2*n + 240, -2*a + 4*n - 2*n = -x. Suppose a = c - 195. Is c a composite number?
False
Suppose 12*l - 81210 = 45162. Is l composite?
False
Suppose -18*p = -20*p + 13558. Is p a prime number?
True
Is (23/161)/((-1)/(-87157)) a composite number?
False
Suppose -2 = k - 5*k + 2*w, 5*k - 3*w - 3 = 0. Let j be (20/(-8))/(4/(-8)). Suppose k = -5*s - j*o + 1250, 6*o = 2*s + o - 507. Is s composite?
False
Suppose 8 = -5*t + t. Let f be 3/((-3 - -6) + t). Suppose -o + 167 = f*w, 4*w + 0*w = o - 153. Is o composite?
True
Let r be (-162)/(-45)*((-40)/(-6))/(-1). Let k = 135 - r. Is k composite?
True
Suppose -5*t = -20, 5*p + 40*t = 43*t + 9463. Is p a composite number?
True
Let c(d) = 284*d + 45. Is c(8) a composite number?
True
Suppose -72*t + 172961 = -129511. Is t a composite number?
False
Is (14/(-2) - (6 + -8)) + 2538 prime?
False
Let g(a) be the second derivative of -a**5/20 + 7*a**4/3 + 11*a**3/3 + 25*a**2/2 - 30*a. Is g(26) a composite number?
False
Let m be 4/5 - (-21)/5. Suppose 0*n + 335 = 4*n + x, -4*n + 317 = -m*x. Is n prime?
True
Suppose -j - 268417 = -5*c, -8*c - 107364 = -10*c - j. Is c composite?
True
Let i(m) = 2*m - 6. Let t be i(8). Let x = 12 - t. Suppose 5*c - 4*s - 575 = 0, -230 = -x*c - 4*s + 2*s. Is c a prime number?
False
Let y = -12 - -6. Let j = y + 11. Suppose 0 = j*x - x - 76. Is x composite?
False
Suppose -338 + 1974 = 4*i. Is i composite?
False
Let r = -9823 + 19686. Is r a prime number?
False
Let s(v) = 2*v**3 + 6*v**2 + 7*v + 24. Let j(k) = -4*k**3 - 12*k**2 - 14*k - 47. Let q(p) = -2*j(p) - 5*s(p). Is q(-11) a composite number?
False
Let j(g) = -16*g + 743. Is j(0) prime?
True
Suppose 9989 = 4*s - 7*q + 4*q, 3*s + q - 7482 = 0. Is s a composite number?
True
Suppose -2*v = 0, 2*v = l + 6*v - 11243. Is l a prime number?
True
Let z(n) = -n**3 + 12*n**2 - 2*n - 9. Suppose 0 = -4*c - 3*g + 41, -8 = -4*g + 4. Let r be z(c). Is r + 4*(3 + -2) prime?
False
Suppose -3*y + 62 = 2*o, -5*y - 12 - 8 = 0. Suppose -6*p = -5*p - o. Suppose 0*x - p = -x. Is x prime?
True
Suppose -1015 = -10*m + 2355. Is m a prime number?
True
Let b be 119/(-11) + 8/(-44). Let a = 13 + b. Is (a/5)/(1/55) a prime number?
False
Let p(s) = -31*s**3 - 8*s**2 + s - 13. Is p(-6) a composite number?
False
Is ((8353*-6)/3)/((-10)/15) composite?
True
Let o = -13 + 15. Suppose 3*b = o*m - 1014, 0 = -3*m - 0*b - b + 1521. Let h = -168 + m. Is h a composite number?
True
Let h be (2/6 - 0)*12. Suppose h*a = -5*m + 569, -a + 0*m = 3*m - 151. Let t = a - 74. Is t a composite number?
True
Let a = 10517 + -6028. Is a a composite number?
True
Suppose 0*s + 4*s - 3*b = 1089, -1077 = -4*s - b. Let t = 447 - s. Is t prime?
False
Suppose -2*u - 92 = -4*i, -2*i - 3*u = -6*i + 88. Suppose -8*t + i = -3*t. Let q(m) = 6*m**2 - 3*m - 4. Is q(t) a composite number?
False
Let h(l) = 26*l - 63*l - 10 - 15 - 107*l. Is h(-10) prime?
False
Suppose 0 = -8*z + 6643 - 347. Is z composite?
False
Let y be 1 + (2 - (-2 + 2)). Suppose 0 = -3*b + 3*h - 8*h + 2567, -4*b - 5*h = -3426. Suppose -2*k + b = 4*m + y*k, 5*m = -2*k + 1061. Is m prime?
True
Suppose 0 = 2*t - 2 - 4. Suppose 0 = -2*w - t*w + 445. Is w a composite number?
False
Suppose 0 = -g - 5*w - 16, 2*g - 8 + 35 = -5*w. Let p(f) = -418*f - 27. Is p(g) prime?
False
Let q(p) = 0 - 7 - 102*p - 52*p - 312*p. Is q(-6) a composite number?
False
Let f(d) = -7628*d + 153. Is f(-7) a composite number?
False
Let h(a) = 2*a + 1. Let p be h(-4). Is -11 - p - (-57 - 2) composite?
True
Suppose 3*f + 5*r = -111 - 183, -392 = 4*f + 2*r. Let a be 6/9*(-5 - f). Suppose -x - a = -3*x. Is x prime?
True
Suppose z = 2*v + 50 - 4, 2*v + 4 = 0. Suppose -2*s = -4*m + z + 54, 0 = -3*s + 6. Suppose 10 + m = p. Is p prime?
False
Suppose 3*x - 3*k - 424 = 824, 3*x - 1262 = -4*k. Let y = 196 + x. Is y a composite number?
True
Let r = -38043 + 56666. Is r a composite number?
True
Suppose 0 = -27*i + 32*i - 18245. Is i composite?
True
Let x be 40/(-16)*(-6 + 0). Let m be 5/x + 2/(-6). Suppose 2*k - k - 31 = m. Is k prime?
True
Let d(q) = 1413*q - 49. Is d(2) prime?
True
Let q(a) = 2*a**2 - 4*a + 13. Let g be q(-11). Suppose g = 62*i - 61*i. Is i composite?
True
Let g = -66 - -393. Let w = 5 + -3. Suppose -w*u - u = -g. Is u composite?
False
Let g(l) be the second derivative of -7/3*l**3 + 3/2*l**2 + 0 - 3*l. Is g(-4) prime?
True
Let l be (-4)/(-14) + (-5 - (-19272)/(-28)). Is -4*((-2)/8 + l/22) prime?
True
Suppose 2*a = 4*y - 2*a - 23724, 0 = -2*y + a + 11866. Is y a prime number?
False
Suppose 0 = -18*f + 2050724 - 169310. Is f a composite number?
True
Let r = -409 + 5836. Suppose -6*v - r = 297. Let p = -437 - v. Is p a prime number?
False
Suppose -10*t + 18771 = -20959. Is t a composite number?
True
Suppose z - 30 = -5*y + 6*z, 4*y = -2*z + 12. Is ((-16)/(-2))/y + 53 a composite number?
True
Suppose 9*u - 4056 = 5*u + 5*v, -2*v = -8. Is u prime?
True
Let b be ((-2)/3)/(18/(-135)). Suppose b*s = -704 + 27219. Is s prime?
True
Let r = -2775 - -5386. Is r a prime number?
False
Let m = 12891 - 2802. Suppose 4*u = -t + m, -4*t - 1792 - 709 = -u. Is u a prime number?
True
Let u = 31 + -33. Is (-5 - -14*2) + u + 0 a composite number?
True
Is 5178*3/126 - 2/7 composite?
True
Let y = -8 + 20. Let x be (-4)/((-32)/y)*2. Suppose -80 + 266 = x*p. Is p a composite number?
True
Let n = 38017 - -159870. Is n a composite number?
False
Let r be ((78/12)/(-13))/(2/(-1072)). Suppose 2*j - r = -j - b, 3*b = -3*j + 270. Is j a prime number?
True
Suppose 505*j - 502*j - 4071 = 0. Is j composite?
True
Suppose 47*q - 395631 + 62260 = 0. Is q composite?
True
Let f = 757 + -436. Suppose 0 = g - 4*r - f + 64, 0 = 4*g - r - 953. Is g prime?
False
Let i(v) = -2*v + 37. Let y be i(12). Suppose 17*q - 5176 = y*q. Is q prime?
False
Let t(p) = -p**3 - 8*p**2 + 59*p + 53. Is t(-26) prime?
True
Let v = -10 + 8. Let h(y) = -6*y - 5. Let l(r) = -17*r - 15. Let j(g) = v*l(g) + 7*h(g). Is j(-8) prime?
True
Let i(w) = -6*w - 1. Let h be i(1). Is 25659/63 - (-1)/h*2 prime?
False
Is (-5)/(-3) - 1 - (-66890)/6 composite?
False
Let o = 15 + -14. Let i be 2 - o - (119 + 3). Let k = 6 - i. Is k prime?
True
Let b = 4856 + 1493. Is b a composite number?
True
Let i = 3938 + 1541. Is i a composite number?
False
Suppose 2*i - 12 = -3*m + i, 0 = 3*m + 5*i - 12. Is (-2 + m)*317/2 a composite number?
False
Suppose -15 = -2*a - 7. Suppose -j = -0*j + 5, 0 = m - a*j - 19. Is ((-798)/2 - 2)*m a composite number?
False
Let x(y) = 11*y + 4 - 8 - y**2 + 8 + 3. Is x(7) composite?
True
Suppose 19357 = 4*j + 3*t, -25*j + 27*j - 9671 = t. Is j composite?
True
Let j = 719 - 957. Let u(o) = 3*o**3 - 7*o**2 + 9*o - 9. Let i be u(6). Let b = i + j. Is b a composite number?
True
Let b(p) = 19*p**2 - 3*p + 1. Suppose -4*z + 2*n = -70, -28 = -3*z + 4*n + 32. Suppose 11*d - z = 7*d. Is b(d) a prime number?
True
Let s(z) = 330*z**2 + 2*z + 5. Let w(q) = 1. Let t(g) = s(g) - 6*w(g). Is t(1) prime?
True
Suppose 2*p - 81411 = 3*t, 70899 + 51216 = 3*p - 4*t. Is p a prime number?
False
Suppose 6*x - 78188 = 286786. Is x composite?
True
Suppose 2*p + 3 = -11. Let m(k) = 4*k - 9. Let t(x) = -8*x + 18. Let q(h) = -13*m(h) - 6*t(h). Is q(p) a prime number?
True
Is (-40933)/(-11) - (-110)/(-605) a prime number?
False
Let s(t) = 2*t + 1. Let a be s(2). Let z(m) = m**2 + 11*m - 1. Let q(v) = -2*v - 1. Let d(n) = 2*q(n) + z(n). Is d(a) composite?
True
Suppose 0 = j - 2*z - 7, -3*j + 3*z = -2*j - 9. Suppose -w + j*w = -10. Let c(t) = 5*t**2 - 2. Is c(w) composite?
True
Is (-12 + 26 - 11)*36997/3 a composite number?
False
Suppose 3*o = -5*l - 13, 0 = -l - 3*o - o - 6. Let u be (3 - 1) + (0 - l). Is ((-1407)/6)/((-2)/u) a prime number?
False
Let z(t) = 218*t**3 + 4*t**2 - 4*t + 2. Let i be z(2). Suppose -6*k + 2380 = -i. Is k a prime number?
False
Suppose 0 = 5*f + 63 - 78. Suppose 224 + 367 